 Give u(7).
12
Let g(y) = 22*y**2 - 2*y - 1. What is g(-1)?
23
Let o(b) = -2*b + 2. Calculate o(3).
-4
Let z(u) = u**3 - 19*u**2 - 20*u - 2. What is z(20)?
-2
Let v(j) = -14*j - 17. Determine v(3).
-59
Let v(i) = i**3 + 5*i**2 + 6*i - 6. What is v(-4)?
-14
Let m(c) = c**3 - 15*c**2 + 4*c - 46. Give m(15).
14
Let x(d) = -d**3 + 12*d**2 + 22*d - 22. Give x(13).
95
Let h(k) = -6*k - 6. Determine h(0).
-6
Let b(r) = r**3 - 2*r**2 - 4*r - 6. Calculate b(4).
10
Let m(w) = w**3 + 7*w**2 - 2*w + 9. Calculate m(-4).
65
Let d(m) = m**2 - 12*m + 12. Determine d(10).
-8
Let d(g) = g + 14. What is d(-11)?
3
Let g(f) = -f**2 + 29*f - 12. Give g(29).
-12
Let n(i) = -3*i - 11. Give n(-8).
13
Let u(v) = 2*v**3 - 2*v + 1. What is u(2)?
13
Let p(d) = d**2 - 25*d. What is p(25)?
0
Let u(g) = -2*g - 17. Determine u(-11).
5
Let o(q) = q**2 - 11*q - 108. Determine o(17).
-6
Let f(k) = -k**2 - 24*k + 31. Determine f(-25).
6
Let f(j) = -j**3 - 2*j**2 - 3*j - 2. Give f(-4).
42
Let t(s) = 2*s**2 + 5*s + 4. Determine t(-4).
16
Let s(n) = n**2 - 6*n + 15. What is s(6)?
15
Let f(o) = -o**2 - 4*o - 5. Determine f(-4).
-5
Let x(m) = m**3 - 2*m**2 - 3*m + 1. What is x(3)?
1
Let n(z) = -3*z - 20. Calculate n(-8).
4
Let d(l) = -4*l**2 + 37*l - 13. Determine d(9).
-4
Let x(b) = -5*b - 4. What is x(2)?
-14
Let x(j) = -j**3 - 15*j**2 + 15*j + 4. Calculate x(-16).
20
Let l(z) = 4*z + 13. What is l(-5)?
-7
Let r(b) = b**3 + 3*b**2 - 7*b - 3. Determine r(-3).
18
Let f(q) = 11*q + 94. Determine f(-8).
6
Let j(i) = i**2 + 7*i - 17. What is j(-8)?
-9
Let i(g) = g**2 + 5*g - 24. Calculate i(-9).
12
Let z(v) = -19*v - 11. Give z(-1).
8
Let s(w) = 14*w. Give s(-1).
-14
Let a(r) = 8*r + 40. Determine a(-5).
0
Let w(b) = 5*b**2 - 33*b + 47. Calculate w(5).
7
Let f(a) = -a - 13. Determine f(11).
-24
Let d(t) = -4*t - 71. What is d(0)?
-71
Let a(o) = -7*o - 14. Determine a(-11).
63
Let r(o) = -o**3 + 12*o**2 + 13*o - 1. Calculate r(13).
-1
Let x(o) = -o**2 + 17. Give x(7).
-32
Let r(n) = -n**2 + 9*n - 27. Give r(8).
-19
Let a(s) = s**2 - 6*s - 13. Calculate a(15).
122
Let c(y) = -3*y**3 - 5. Give c(3).
-86
Let g(i) = -i**2 + i + 11. What is g(-5)?
-19
Let a(w) = w**3 - 6*w**2 - 18*w + 11. What is a(8)?
-5
Let s(v) = 2*v - 1. What is s(-1)?
-3
Let j(f) = -5*f + 41. What is j(9)?
-4
Let v(d) = -d**3 + 2*d**2 + 3*d. Determine v(-2).
10
Let l(u) = -2*u - 5. Determine l(-4).
3
Let k(t) = t**3 + 5*t**2 + 3*t + 10. What is k(-4)?
14
Let x(m) = -m**2 + 8*m + 11. What is x(10)?
-9
Let w(t) = -6*t**2 + 18*t - 9. What is w(2)?
3
Let a(n) = n**2 - 14*n + 9. What is a(13)?
-4
Let b(n) = -10*n**3 + 5*n**2 - 1. Give b(1).
-6
Let o(q) = q**3 - 9*q**2 + 19*q + 3. Calculate o(6).
9
Let w(i) = 82*i - 57. Calculate w(1).
25
Let t(z) = -z + 6. Determine t(-7).
13
Let z(a) = -a - 31. What is z(-23)?
-8
Let c(d) = 29*d**3 + d**2 + 3*d + 2. What is c(-1)?
-29
Let p(n) = -n**2 - 19*n + 614. What is p(17)?
2
Let q(d) = -76*d + 2. Calculate q(-2).
154
Let h(z) = 7*z - 14. Determine h(3).
7
Let z(o) = o**2 - 15*o + 8. What is z(15)?
8
Let b(t) = -3*t**2 + 3*t + 129. Calculate b(7).
3
Let j(l) = -3*l - 2. Calculate j(-3).
7
Let p(s) = 12*s + 3. Give p(-7).
-81
Let r(j) = -3*j**2 + 10*j + 2. Give r(3).
5
Let x(t) = t**3 - 9*t**2 + 12. Calculate x(9).
12
Let a(p) = 47*p**3 - p**2 + p - 1. What is a(1)?
46
Let o(d) = d**2 - 8*d + 4. Give o(8).
4
Let s(j) = -3*j**3 + j**2 + 3*j + 1. Determine s(-2).
23
Let s(v) = -v**3 + v**2 + 18. Determine s(0).
18
Let g(a) = -a**2 - 5*a + 6. Determine g(-5).
6
Let j(a) = -a**3 - a**2 + 13*a - 2. Give j(-4).
-6
Let s(x) = -21*x + 49. Calculate s(3).
-14
Let d(s) = -s**3 + 18*s**2 - 22*s + 73. What is d(17)?
-12
Let r(j) = -j**3 + 3*j**2 + 9*j + 2. What is r(5)?
-3
Let l(c) = 3*c**2 + 5*c - 4. Calculate l(-3).
8
Let g(n) = -n**2 - 58*n - 804. What is g(-23)?
1
Let f(k) = -2*k**2 - 23*k + 28. Give f(-12).
16
Let q(n) = n**2 - 5*n + 4. What is q(4)?
0
Let n(i) = -11*i + 66. Calculate n(5).
11
Let c(s) = -2*s**2 - 177*s + 450. Give c(-91).
-5
Let k(a) = a**2 + 3*a - 54. What is k(-9)?
0
Let z(h) = -h + 11. Calculate z(9).
2
Let q(t) = 25*t - 180. Calculate q(7).
-5
Let l(r) = r**2 - 36*r - 210. Calculate l(41).
-5
Let x(u) = u**3 + 19*u**2 + 38*u - 40. Calculate x(-17).
-108
Let v(w) = w**3 - 3*w**2 - 3*w + 2. What is v(3)?
-7
Let k(v) = -5*v + 18. Calculate k(-8).
58
Let s(x) = -14*x + 301. Calculate s(23).
-21
Let o(m) = m - 12. Determine o(7).
-5
Let l(s) = -s**3 + s**2 - 9*s + 2. Determine l(0).
2
Let u(j) = 2*j - 17. Determine u(7).
-3
Let v(b) = b - 89. Give v(17).
-72
Let w(d) = d**2 - 5. What is w(-2)?
-1
Let l(c) = c**2 - 4*c - 1. Give l(7).
20
Let c(b) = -14*b + 109. Give c(5).
39
Let t(w) = -4*w + 26. What is t(8)?
-6
Let d(n) = n - 6. Give d(0).
-6
Let s(p) = -p**2 + 59*p - 491. Give s(10).
-1
Let m(c) = -c**2 - 8*c + 8. Determine m(-9).
-1
Let s(h) = -h**2 - 23*h - 11. Determine s(-23).
-11
Let x(p) = -p**3 - p**2 - 3*p - 4. Determine x(3).
-49
Let s(v) = -v**2 - 33*v - 106. Calculate s(-31).
-44
Let q(d) = -2*d**3 + 2*d**2 + d. Give q(-1).
3
Let g(s) = -50*s**3 - 2*s**2 + 1. What is g(-1)?
49
Let v(r) = r**2 + 10*r - 12. What is v(-12)?
12
Let s(v) = 2*v**2 - 30*v + 91. Calculate s(11).
3
Let w(t) = -t**2 - 5*t + 7. Give w(-6).
1
Let v(s) = 5*s - 45. What is v(9)?
0
Let z(x) = -x**3 + 33*x**2 - 32*x - 5. What is z(32)?
-5
Let w(j) = -j**3 - 31*j**2 - 31*j - 44. Determine w(-30).
-14
Let t(v) = -2*v**2 - 19*v + 5. Give t(-10).
-5
Let i(q) = -q**2 + 17*q - 7. Determine i(16).
9
Let j(v) = -3*v**3 - v**2 + v. Determine j(-2).
18
Let j(f) = f + 4. Determine j(9).
13
Let g(b) = b - 14. What is g(10)?
-4
Let j(o) = 2*o - 49. What is j(24)?
-1
Let f(j) = j**2 - 2*j + 3. Determine f(2).
3
Let r(u) = -u**3 + 10*u**2 + 17*u - 3. Determine r(11).
63
Let j(b) = b**3 + 2*b**2 - 2*b + 63. What is j(0)?
63
Let z(x) = x**2 - 2*x - 21. Determine z(7).
14
Let o(v) = 47*v - 2. Determine o(-1).
-49
Let c(z) = z - 24. What is c(12)?
-12
Let m(p) = p**3 - 7*p**2 - 5*p + 14. Give m(8).
38
Let l(u) = -3*u - 8. What is l(25)?
-83
Let i(u) = -2*u**2 - 25*u + 114. Calculate i(-16).
2
Let l(u) = -u**2 - 15*u - 19. Calculate l(-6).
35
Let d(r) = 2*r**3 - 18*r**2 + 8*r - 24. Calculate d(8).
-88
Let u(t) = t**3 + 4*t**2 + 4*t + 16. Determine u(-3).
13
Let o(m) = -3*m - 22. Determine o(-11).
11
Let f(p) = 5*p**2 + 2*p + 2. What is f(-1)?
5
Let r(y) = 19*y. What is r(1)?
19
Let y(d) = 60*d + 229. Determine y(-4).
-11
Let o(i) = i**2 + 14*i + 7. Calculate o(-13).
-6
Let q(p) = -p**3 + 10*p**2 + 8*p + 13. Determine q(11).
-20
Let z(v) = -v**2 + 12*v - 32. Give z(5).
3
Let t(g) = g**3 - 16*g**2 - 4*g + 23. Give t(16).
-41
Let u(s) = 4*s**3 - 18*s**2 + 3*s + 18. Determine u(4).
-2
Let w(x) = x**2 - 9*x + 21. Determine w(4).
1
Let p(y) = y**2 - 16*y - 99. Calculate p(-5).
6
Let p(t) = 6*t - 155. Determine p(24).
-11
Let b(w) = -13*w + 500. Give b(38).
6
Let y(n) = 19*n + 32. Determine y(7).
165
Let j(p) = 2*p**3 + 3*p**2 - 3*p - 5. Determine j(-4).
-73
Let v(y) = -y**3 - 7*y**2 + 7*y - 9. What is v(-8)?
-1
Let y(b) = b + 48. What is y(-44)?
4
Let r(n) = 14*n + 589. Give r(-42).
1
Let p(c) = -c**2 + 8*c + 5. Give p(11).
-28
Let j(m) = -4*m**2 - 13*m - 21. Determine j(-7).
-126
Let y(j) = -19*j**3 - j**2. Calculate y(-1).
18
Let n(w) = -w**2 + 3*w - 1. Calculate n(3).
-1
Let o(p) = -p - 11. What is o(-11)?
0
Let j(o) = -o**2 + 13*o - 10. What is j(9)?
26
Let y(u) = u**2 + 19*u - 12. Determine y(-18).
-30
Let n(q) = -q**3 + 2*q**2 - 79. What is n(0)?
-79
Let b(f) = -7*f**2 + 99*f - 14. Calculate b(14).
0
Let h(r) = r**3 - 20*r**2 + 51*r + 11. Calculate h(17).
11
Let p(b) = 2*b**2 + b + 10. Determine p(-3).
25
Let g(y) = y**3 - 5*y**2 + 3*y + 7. What is g(3)?
-2
Let x(v) = -44*v - 30. Give x(-1).
14
Let q(k) = k**2 + 11*k - 3. Determine q(-11).
-3
Let s(x) = x**2 - 11*x - 13. What is s(-2)?
13
Let y(z) = -z**3 + 6*z**2 - 3*z - 4. Calculate y(5).
6
Let u(r) = r**3 + 8*r**2 + 3*r + 1. Give u(-7).
29
Let o(v) = v**3 + 7*v**2 + 2*v + 7. Determine o(-7).
-7
Let g(k) = -k**2 - 9*k - 13. Calculate g(-7).
1
Let u(i) = -9*i - 5. What is u(6)?
-59
Let h(m) = m**2 + m. Give h(4).
20
Let j(q) = 3*q + 26. What is j(-12)?
-10
Let h(q) = -29*q + 261. Calculate h(9).
0
Let t(n) = n**3 + 24*n**2 + 41*n - 37. Calculate t(-22).
29
Let 